 the greatest common factor of 1249752 and 1512?
168
Calculate the greatest common divisor of 91459920 and 570.
570
What is the highest common divisor of 1298270865 and 1093?
1093
Calculate the highest common divisor of 92 and 12988054.
46
Calculate the greatest common divisor of 6672952 and 73359.
2717
Calculate the highest common divisor of 215442 and 3483.
9
What is the greatest common divisor of 213945 and 688245?
255
Calculate the greatest common divisor of 5501246 and 100.
2
Calculate the highest common divisor of 122007769 and 13.
13
What is the highest common factor of 2 and 4307758?
2
Calculate the highest common divisor of 537815 and 120.
5
Calculate the highest common divisor of 996 and 7728794.
166
What is the greatest common factor of 100768592 and 48?
16
What is the highest common divisor of 27588347 and 7659?
37
What is the highest common divisor of 23592715 and 184091?
9689
What is the greatest common factor of 21621085 and 240835?
4915
What is the greatest common divisor of 645 and 365505?
15
What is the highest common factor of 86640005 and 1535?
1535
What is the highest common divisor of 459 and 347497?
17
Calculate the greatest common factor of 14612 and 169714727.
3653
What is the highest common divisor of 1088 and 109971096?
136
What is the highest common divisor of 8638 and 484689286?
1234
Calculate the greatest common divisor of 1287 and 4900038.
429
What is the greatest common divisor of 2 and 22529644?
2
What is the highest common divisor of 6499 and 270824?
97
Calculate the greatest common factor of 28592017 and 95.
19
What is the greatest common divisor of 33312 and 5988873?
1041
What is the greatest common divisor of 1755 and 186201639?
351
Calculate the greatest common divisor of 1242 and 1311404202.
1242
What is the greatest common divisor of 6371141 and 233359?
4403
What is the greatest common factor of 8444887 and 1421?
29
What is the greatest common factor of 210 and 21919110?
30
Calculate the highest common divisor of 209583918 and 764.
382
What is the highest common factor of 390624165 and 47565?
6795
What is the greatest common factor of 28760 and 342240?
40
What is the greatest common divisor of 245906685 and 2070?
1035
Calculate the greatest common divisor of 44968756 and 419.
419
Calculate the highest common factor of 257 and 33956639.
257
What is the greatest common divisor of 3512 and 173519140?
1756
Calculate the highest common factor of 2289 and 15521382.
327
What is the highest common divisor of 876074000 and 16160?
8080
What is the highest common factor of 10866 and 4458?
6
Calculate the greatest common factor of 504 and 32745888.
504
What is the highest common divisor of 774 and 466704?
18
Calculate the highest common divisor of 409949 and 21260933.
3761
Calculate the greatest common factor of 29672676 and 7128.
1188
Calculate the greatest common divisor of 4387722093 and 303.
303
What is the highest common factor of 81018 and 30001094?
1286
Calculate the greatest common factor of 15529 and 1373230.
53
What is the greatest common divisor of 605465 and 52920?
35
Calculate the greatest common divisor of 906376 and 25988.
356
What is the highest common divisor of 450 and 978525?
225
What is the highest common factor of 19107 and 6428637?
1737
What is the highest common factor of 216697 and 515684?
2743
What is the greatest common divisor of 31035321 and 45?
9
What is the highest common factor of 2946371 and 261?
29
What is the greatest common factor of 8177220 and 5035?
95
Calculate the greatest common divisor of 49029 and 4227297.
831
What is the highest common divisor of 2896818 and 12?
6
Calculate the greatest common factor of 789562 and 13082.
422
What is the greatest common divisor of 51946 and 9559431?
1367
Calculate the highest common divisor of 13323 and 340023.
3
What is the highest common factor of 10350 and 4751064?
414
Calculate the highest common divisor of 37 and 5876114485.
37
What is the highest common divisor of 1437885 and 270?
135
What is the highest common factor of 77575 and 26860525?
725
Calculate the highest common factor of 146682271 and 2391.
797
What is the highest common factor of 3286917 and 27?
9
Calculate the highest common divisor of 2714 and 287162912.
2714
Calculate the greatest common factor of 5215633 and 442092.
5263
Calculate the greatest common factor of 290 and 113334755.
145
What is the highest common factor of 10061026 and 4?
2
What is the highest common divisor of 190293 and 15279?
1389
What is the highest common divisor of 76566 and 53046?
42
Calculate the greatest common divisor of 14 and 7894792.
2
What is the highest common factor of 1038309469 and 337?
337
What is the greatest common divisor of 17613 and 481216?
103
What is the greatest common factor of 16 and 52282?
2
What is the greatest common divisor of 130 and 157972230?
130
What is the greatest common divisor of 276471 and 8618?
139
Calculate the greatest common divisor of 10242 and 6282.
18
Calculate the highest common factor of 21411596 and 23836.
404
Calculate the highest common factor of 52 and 190031179.
13
Calculate the greatest common factor of 1360 and 57307.
17
Calculate the greatest common divisor of 192462 and 1116.
6
What is the highest common factor of 1298800242 and 558?
558
What is the greatest common factor of 104521489 and 95?
19
Calculate the greatest common divisor of 20467 and 177995.
97
Calculate the greatest common factor of 75857 and 127100.
31
Calculate the greatest common factor of 17612 and 112588.
28
What is the highest common divisor of 497775 and 15225?
75
What is the greatest common divisor of 25280 and 13236055?
395
Calculate the highest common divisor of 110997 and 459.
27
Calculate the highest common divisor of 3122626 and 332.
166
Calculate the highest common factor of 30 and 517555755.
15
Calculate the greatest common factor of 6959544 and 16307.
709
What is the highest common factor of 2655 and 58857810?
885
Calculate the greatest common factor of 45466 and 14320.
358
Calculate the greatest common factor of 441 and 2309174.
49
Calculate the greatest common factor of 24 and 6445506.
6
What is the greatest common divisor of 116638119 and 195?
39
What is the highest common factor of 2030432 and 496?
16
Calculate the greatest common divisor of 3729993207 and 1623.
1623
What is the highest common divisor of 3914943 and 12?
3
Calculate the greatest common factor of 469 and 7812595.
7
Calculate the greatest common factor of 85501 and 7462.
13
Calculate the highest common divisor of 1 and 84219701.
1
What is the greatest common divisor of 123 and 392451016?
41
What is the greatest common factor of 4836220 and 12?
4
What is the greatest common factor of 353472330 and 18632?
4658
Calculate the highest common factor of 81 and 763849818.
27
Calculate the greatest common factor of 132696 and 201041812.
7372
What is the highest common divisor of 996 and 2688951?
249
Calculate the highest common factor of 31984674 and 92.
46
What is the greatest common divisor of 1111 and 5040937?
11
What is the greatest common factor of 55835430 and 420?
210
Calculate the greatest common divisor of 60947618 and 22678.
986
Calculate the greatest common factor of 4098 and 1077228966.
4098
Calculate the greatest common divisor of 120 and 56231085.
15
What is the highest common divisor of 124 and 162180623?
31
What is the highest common factor of 176053120 and 112?
16
What is the greatest common factor of 44350560 and 285?
285
What is the highest common factor of 16 and 341727496?
8
Calculate the greatest common factor of 673709 and 269823.
1697
Calculate the greatest common factor of 1051724112 and 296.
296
Calculate the highest common divisor of 70 and 378033110.
70
Calculate the highest common factor of 73155 and 4950.
15
What is the greatest common divisor of 27691664 and 83600?
3344
Calculate the highest common factor of 1020455 and 17587.
409
Calculate the highest common factor of 83838 and 243148.
178
What is the greatest common factor of 352 and 699479?
11
Calculate the greatest common divisor of 72 and 1698504.
24
Calculate the highest common factor of 5 and 841915.
5
Calculate the greatest common divisor of 25288441 and 657.
73
What is the greatest common divisor of 192596 and 50258